 3*m = -16*m + 38285. What is the tens digit of m?
1
Suppose -10*g + 178 = -1612. What is the tens digit of g?
7
Let z(i) = 14*i - 5. Suppose 2*v - 19 = -7. What is the units digit of z(v)?
9
Suppose 16 = 2*x + 18. Let s = -3 + x. What is the units digit of 6/(3 - (-2 - s))?
6
Let i be ((-16)/(-5))/((-13)/(-65)). What is the units digit of 7*((-10)/(-2))/(i + -15)?
5
Let y(s) = -s**3 + 6*s**2 + 6*s - 2. Let g be y(7). What is the hundreds digit of ((-103)/3)/(3/g)?
1
Suppose -2146 = -3*k + 380. What is the hundreds digit of k?
8
Let n = -119 - 34. Let g = -108 - n. What is the units digit of g?
5
Let y(j) = -18*j + 12. Let i be y(-7). Let d = i - 40. What is the tens digit of d?
9
Let u = 36 + -20. Let f(h) = -56*h + 655. Let c be f(8). Suppose -c = 7*g - u*g. What is the tens digit of g?
2
Let d(g) = g + 23. Let o be d(-7). Suppose r = -3*h + o, -2*r + 52 = h + h. What is the units digit of r?
1
Suppose 37*m = 47*m - 47210. What is the units digit of m?
1
What is the tens digit of (-12 - -14)*2202/4?
0
Suppose 5*o = 3*x + 772, -3*o - 493 = 2*x - 2*o. Let g = x - -398. What is the hundreds digit of g?
1
Let i = -519 + 915. What is the tens digit of i?
9
Let k(b) = -b**3 - 5*b**2 + b + 5. Let u be k(-5). Suppose u = 3*j - j - 4. What is the units digit of j?
2
Let a = -31 + 47. What is the units digit of 20/a + 18/24?
2
Suppose -i - 19 + 6 = 0. What is the tens digit of (-1900)/i + 10/(-65)?
4
What is the tens digit of ((-4948)/(-6))/(8/12)?
3
Suppose -2*d + 20 - 18 = 0. What is the units digit of -5 - -8 - (0 + -60 + d)?
2
Let t(x) = x + 0 - x**2 + 5*x + 3*x + 2. What is the units digit of t(9)?
2
Suppose -t - o = -3, t - 4*o + 7 = 10. Suppose -13*r + t*r = -520. What is the tens digit of r?
5
Suppose -5*c = -9*c - 184. Let n = c - -118. What is the tens digit of n?
7
Let x(n) = -n**3 + 9*n**2 - 11*n. Let j be x(9). Let l be (j/(-1))/((-1)/(-2)). What is the units digit of 44/l - 1364/(-18)?
6
What is the units digit of -9 + 16/4 - -18?
3
Suppose 0 = -6*t + 5*t + 6. What is the units digit of t/(-1)*(7 - 26)?
4
Let l(d) be the first derivative of -d**4/4 + 4*d**3 - 6*d**2 + 20*d - 15. What is the units digit of l(8)?
0
Let z = 51 - 12. What is the tens digit of (4 + 10/(-3))*z/2?
1
Let k = -37 - -52. Let a(i) = -i**2 + 16*i + 11. What is the tens digit of a(k)?
2
Suppose -2*x - h = -4060, 9*x + 5*h = 5*x + 8132. What is the hundreds digit of x?
0
Suppose -30*i = -19*i - 13288. What is the hundreds digit of i?
2
Let u(x) = 5*x**2 + 9*x - 40. What is the tens digit of u(-8)?
0
Let n(t) = 2*t**2 - 3*t + 1. Let a be n(2). Let r(v) = -v**3 + 3*v**2 + v + 2. What is the units digit of r(a)?
5
Suppose -2*c = -5*v + 3*c + 4990, -5*v + 4954 = 4*c. What is the units digit of v?
4
Let l = 8482 - 4846. What is the units digit of l?
6
Suppose -5*f + 2874 = 4*i - 1428, 3*f = -5*i + 2576. What is the hundreds digit of f?
8
Let z = 70 + 34. What is the units digit of -2 + z - 2/(-1)*-1?
0
Suppose 0 = r + 15 - 4. What is the units digit of 4/(-22) + (-607)/r?
5
Let x = 103 - -217. What is the units digit of x?
0
Let j = 32 - -131. What is the units digit of j?
3
Let w = -304 - -101. Let i = 323 + w. What is the tens digit of i/4 - (0 + 4)?
2
Suppose 0 = -2*v + 14 + 2. What is the units digit of ((-86)/8)/((-2)/v) + 0?
3
Let s(w) be the second derivative of w**4/12 - 3*w**3/2 - 6*w**2 + w. Suppose 6*p - p = 55. What is the units digit of s(p)?
0
Let p(g) = g**2 - 9*g + 4. Let f be p(7). Let s(o) = 3 - o**2 - 11*o - 6 - 3. What is the units digit of s(f)?
4
Let g(x) = x**2 + 7*x - 48. What is the hundreds digit of g(-26)?
4
What is the tens digit of (38/8)/(23/3956)?
1
Suppose -3*c - 303 = -3*a, -4*c - 398 = -a - 0*a. Let g = c - -291. What is the units digit of g?
2
Suppose -2*q + 1740 = -4*w, 60 + 816 = q - 5*w. What is the tens digit of q?
6
Suppose 0*x = 3*x + 5*n - 24, x - 8 = 3*n. Suppose x*o + 22 = 702. What is the tens digit of o?
8
Let d(q) = q**2 + q - 6. Suppose -j = -2*b - 174, 3*b + 341 = -5*j + 1172. Let y be (-6)/27 - j/(-27). What is the tens digit of d(y)?
3
Suppose -4*x - 8 = 2*j, 2*x - 2*j = 3*j + 8. Let t(z) = -5*z**3 + 2*z**2 - 1. Let l be t(x). Let m(c) = 2*c**2 - 9*c + 7. What is the tens digit of m(l)?
2
Let s = -939 - -1678. What is the hundreds digit of s?
7
Let k be 2/(-12) + (-21)/(-18) + -1. Suppose -4*a - 6*a + 840 = k. What is the tens digit of a?
8
Suppose 0 = -2*g - 5*v + 877, 3*g + 5*v - 1812 = -509. Suppose 2*f = g - 18. What is the tens digit of f?
0
Let p = 30 + -28. Let n(f) = 11*f - 9. Let c(l) = 23*l - 19. Let i(k) = -6*c(k) + 13*n(k). What is the units digit of i(p)?
7
Suppose -315 = 2*r + n - 52, n + 523 = -4*r. Let l = r + 221. What is the tens digit of l?
9
Let t = 1704 - 482. What is the units digit of t?
2
Suppose 5*g - 3 - 7 = 0. Let r be 44/286 + 33/39. Let j = g - r. What is the units digit of j?
1
Suppose z = 3*a - 2655, 6*z = -4*a + 5*z + 3547. What is the tens digit of a?
8
Suppose -70 = g - 6*g. Suppose -4*q + 114 = g. Suppose 2 = 3*c - q. What is the units digit of c?
9
Suppose -5*y = -2*y - y. Suppose 18*l = 14*l - 2*n + 634, -5*n - 15 = y. What is the hundreds digit of l?
1
Let h(c) = 5*c - 14. Let j(k) = -2*k + 5. Let v(r) = -4*h(r) - 11*j(r). What is the units digit of v(3)?
7
Suppose -27*g - 6865 + 17017 = 0. What is the tens digit of g?
7
Let v(w) = -117*w - 17. Let g be v(-7). What is the tens digit of 4/(-14) + g/14?
5
Let y = 63 - -36. Suppose 2*i = 5*i - y. Let m = 57 - i. What is the tens digit of m?
2
Let j(s) = -s**2 + 4*s - 2. Let t(b) = 1. Let n(l) = -j(l) + 2*t(l). Let v be ((-2)/36*6)/(2/(-54)). What is the tens digit of n(v)?
4
Suppose -3*x = -6*x - 2*s + 2727, 2*x + 4*s = 1826. What is the units digit of x?
7
Let z(u) = -4*u - 6. Let o(y) = y**3 + y**2 - 4*y - 7. Let c(k) = -3*o(k) + 4*z(k). Let n be c(-3). Suppose -51 = -3*r + n. What is the tens digit of r?
3
Suppose -3 = -s - 3*y + 5, 2*y = -5*s + 66. Let x = 13 - s. What is the units digit of (8 - x)*(0 + 1)?
9
Let w(l) = 140*l - 338. What is the tens digit of w(13)?
8
Suppose 0 = -4*y - 0*y + 32. Suppose -497 = -y*u + 175. What is the units digit of u?
4
Suppose 3*t = -3*y + 27, -3*t + 8*t = 0. Suppose -y*h = -12*h + 39. Let b = h - -29. What is the units digit of b?
2
Let o = -203 + 298. Let h = o + -41. Suppose -51 = -5*k + h. What is the units digit of k?
1
Suppose o - 422 = -5*w, 0*w + w + 4*o - 73 = 0. What is the units digit of w?
5
What is the thousands digit of (-8)/14 - (-13 + 31932/(-21))?
1
Let l = 1099 - 674. What is the units digit of l?
5
Let h = 1892 + 86. What is the tens digit of h?
7
Let x(b) = b + 7. Let v(s) = -s**3 + 6*s**2 + 9*s - 2. Let j be v(7). Let c be x(j). What is the units digit of c/2 + (-3)/6?
9
Let v be (1/5)/(9/45). Let m be 9/3 + -4 + v. Suppose -2*g + 59 - 5 = m. What is the units digit of g?
7
Let b(z) = z**3 + 12*z**2 + 2*z - 15. Let c be b(9). What is the tens digit of 2 + c/(-20)*(-10)/4?
1
Suppose 0 = -5*a + 3*m + 603, 2*a - 5*m = 3*a - 143. Suppose -2*r = -a + 33. Let c = 66 - r. What is the units digit of c?
1
Let n(b) = 2*b**2 - 4*b + 3. Let s = 52 - 37. Let y = -10 + s. What is the tens digit of n(y)?
3
Suppose -11556 = -10*f - 886. What is the units digit of f?
7
Let s(j) = 5*j**3 - 2*j**2 + 14*j + 10. What is the units digit of s(5)?
5
Let w(d) be the third derivative of -d**6/120 - d**5/12 - d**3/3 - d**2. Suppose -11 = 2*i + 1. What is the units digit of w(i)?
4
Suppose -4*u = 4*q + 792, 2*q - 6 = -q. What is the tens digit of (u/35 - -6) + (-173)/(-7)?
2
Let w = -4 - -8. Suppose -5*d + w = -11. Suppose -d*n + 168 = n. What is the tens digit of n?
4
Let x = -8 + 71. Suppose -x*t - 288 = -65*t. What is the units digit of t?
4
Let u be (-5 - -1)/(3 - 1) - -576. Suppose 2*f - u = -f - 5*i, -707 = -4*f + 5*i. What is the tens digit of f?
8
Let l(b) = -2*b + 18. Let d(s) = 1. Let f(n) = -80*d(n) + 5*l(n). What is the tens digit of f(-4)?
5
Let f(x) = x**2 + x. Let c(a) = -2*a**2 - 2*a - 7. Let i(y) = -c(y) - f(y). Let h = -63 - -58. What is the tens digit of i(h)?
2
Suppose -w = 3*a + w - 16, 3*a + 4 = 2*w. Suppose 3 = a*f - 5*f. What is the units digit of -5 + 32 - (-1)/f?
6
Let i(u) be the second derivative of u**5/20 + 11*u**4/12 + 13*u**3/6 + 3*u**2/2 + 26*u. What is the tens digit o